 29
Suppose 4*n + 2*i + 1226 = 3*i, -5*n - 2*i = 1539. Suppose -2*r - u + 1038 = 0, 4*r + 965 - 3041 = -u. Let s = r + n. List the prime factors of s.
2, 53
Suppose 0 = 4*n - 5*n + 10. Suppose 18*o - 3*o - 2805 = 0. Suppose p = 5*k + 71, -3*p + 3*k - n + o = 0. What are the prime factors of p?
2, 7
List the prime factors of 10 - (-1099432)/108 - (-18)/243.
2, 5, 1019
Suppose 36*g - 8 = 64. Let f(a) = -66*a + 7. Let r(b) = 131*b - 13. Let j(d) = -5*f(d) - 2*r(d). List the prime factors of j(g).
127
Let y(n) = -n**3 + 85*n**2 - 34*n - 1248. List the prime factors of y(51).
2, 3, 7121
Suppose 2*z + o + 4*o = -15, o = -2*z - 3. Suppose z*r - 2471 = -2*g - 3*r, 2*g + r - 2461 = 0. List the prime factors of g.
2, 307
Let f(v) = v**3 - v**2 - 3*v - 7. Let y be (5 - 6)*0/(-1). Let t be f(y). List the prime factors of (-3 - (-230)/4)*(t - -9).
109
Let x(g) = 2 + 7 - 4 + 3 + 1045*g + 1. What are the prime factors of x(1)?
2, 17, 31
Suppose -2*j + 1215 = 57. Let q = 1032 - j. List the prime factors of q.
3, 151
Suppose 2*j + 12*j = -520660. List the prime factors of (-15)/18 - j/60.
619
Let a be (-210870)/(-81) + (6/9)/(-2). Suppose -a - 94 = -31*u. List the prime factors of u.
3, 29
Let u be (12/(-5))/(7 + (-149808)/21400). What are the prime factors of u/10 - (-6)/(-4)*-4?
2, 3
Let s(b) = 723 + 757 + 22*b + 61. What are the prime factors of s(0)?
23, 67
Suppose -2*v - v - 5*q = 40, -q = 2*v + 15. Let i be 5*(-14)/v + -1. Let s(n) = 7*n - 35. List the prime factors of s(i).
2, 7
Let h(k) = 230*k + 174. List the prime factors of h(26).
2, 17, 181
Let q be 1*58*(-1)/2. Let r = -8 - q. Suppose 5*f = 74 + r. What are the prime factors of f?
19
Suppose -2*l - 5*p - 25 = -3*l, 2*p = -l - 3. Suppose l*g = -4*b + 752, b = -4*g + g + 188. List the prime factors of b.
2, 47
Let x = 29130 - 14782. List the prime factors of x.
2, 17, 211
Let q = 526 + -254. Let v = -76 + q. What are the prime factors of v?
2, 7
Suppose 5*q - 8*q = -3*v + 12372, v - 4148 = -5*q. What are the prime factors of v?
2, 3, 43
Suppose 5*d + 453*x = 455*x + 78331, -3*d = 4*x - 46957. List the prime factors of d.
3, 23, 227
Suppose 0 = -5*o - 23 + 63. Let y(t) = -19*t + 32. Let l(j) = 58*j - 95. Let g(r) = o*y(r) + 3*l(r). List the prime factors of g(5).
3
Let g = 524 + -517. Let o(l) = 2*l**3 - 3*l**2 - 6*l + 12. List the prime factors of o(g).
509
List the prime factors of 1/(-5) + 20 + (-346674)/(-95).
3, 1223
Let l(k) = -k**2 - 20 - 7*k - 13*k + 2*k + k. What are the prime factors of l(-15)?
2, 5
Let i = 5720 + 2073. What are the prime factors of i?
7793
Suppose 10*r - 8 = 12. Suppose 0 = d + 4*q + 14, -d + q - 17 = r*q. Let w = 21 + d. What are the prime factors of w?
3
Suppose 41*g - 43*g = -4*b + 37596, 3*g - 37566 = -4*b. List the prime factors of b.
2, 3, 29
Suppose 254*o - 731399 - 4656957 = 0. List the prime factors of o.
2, 10607
Suppose -2*m + 5315 = g, 34*m - 39*m - g = -13295. List the prime factors of m.
2, 5, 7, 19
Suppose 30*g + 7*g = 349206. List the prime factors of g.
2, 3, 11, 13
Let f(l) = 9*l - 50. Let p be f(6). Let g be -3 - (0/2 - p) - 55. Let q = 87 + g. List the prime factors of q.
3, 11
Let o = 18726 - 5890. What are the prime factors of o?
2, 3209
List the prime factors of (-24 + 32)*(1/(6/9447) - 0).
2, 47, 67
Let z be 483 + 7 + 1/((-2)/(-6)). Let t = -103 + z. What are the prime factors of t?
2, 3, 5, 13
Let d(u) = -u**2 + 11*u + 3. Let v be (10/4)/(2/8). Let j be d(v). Suppose -j = 6*b - 349. What are the prime factors of b?
2, 7
Suppose 6*b + b = -686. List the prime factors of ((-120)/(-14))/((-2)/b).
2, 3, 5, 7
Let b = -1452 - -2773. Suppose 9*i - c = 6*i + b, 3*i + 2*c - 1309 = 0. What are the prime factors of i?
439
Let l = -12 + 47. Suppose l + 10 = 3*k. Let i = k - -67. List the prime factors of i.
2, 41
Let d(w) = -489*w + 22. What are the prime factors of d(-2)?
2, 5
What are the prime factors of ((4632/16)/((-5)/(-8)))/((-4)/(-70))?
2, 3, 7, 193
Let d(c) = -116*c**3 - 2*c**2 - c + 32. List the prime factors of d(-4).
2, 3, 619
Suppose -4*v = -415 + 11. Let r(m) = -m - 3. Let n be r(-3). Suppose n = -t + 30 + v. List the prime factors of t.
131
Suppose 2*o + 368 = -2*z, o + 497 = -5*z - 439. Let l = 288 + z. Let f = -58 + l. List the prime factors of f.
2, 3, 7
Let i be 3 + 6/(2 - 4). Let x be (-2)/(-2 - i) - -10. Suppose 68 = x*s - 1670. What are the prime factors of s?
2, 79
Let y(m) = m**3 - 16*m**2 + 29*m - 6. Let v be y(14). Let u = -3513 - -2269. What are the prime factors of v/52 + u/(-26)?
2, 3
Suppose 3*m + 18 = 3*b + 7*m, 0 = 3*m + 9. Suppose -7*q = -b - 4. Suppose -5*s + 2*n = 7*n - 855, n = -q*s + 341. What are the prime factors of s?
2, 5, 17
Suppose 5*d - 2*a = -10 + 15, -4*a = 3*d - 29. Let c(i) = 3*i**3 + 3*i**2 - 4*i + 2. What are the prime factors of c(d)?
2, 7
Let q(t) = -t + 2. Suppose m - x - 1 = 0, -2*x + 1 = 4*m - 7*m. Let h be q(m). Suppose h*k - 369 = -59. What are the prime factors of k?
2, 31
Let r(x) = 1671*x - 2309. List the prime factors of r(5).
2, 3023
Let f = -726 - -740. Suppose -h - 694 = -2*r, -f*h + 18*h = -r + 365. What are the prime factors of r?
349
Let m = -16 + 16. Suppose 0 = 4*y + 9*v - 8*v - 623, -5*y - 2*v + 778 = m. Suppose -l = 5*g - y, -3*l + 4*g + 552 = l. What are the prime factors of l?
3, 47
Suppose 102*p - 90297 - 1401 = 0. List the prime factors of p.
29, 31
Let u = -88 + 24. Let p = 91 + u. Suppose 0 = -4*w + 5*h + 103, h = -0*w + w - p. List the prime factors of w.
2
Let h = 40189 + -23766. List the prime factors of h.
11, 1493
Let k(n) = n**3 - 2*n**2 + 2*n - 2. Let i be k(2). Suppose -x - i*m + 0*m - 75 = 0, 0 = -3*x + 3*m - 198. What are the prime factors of x/161 - 258/(-14)?
2, 3
Suppose 6414 = -5*b + 4*z + 135740, 25900 = b + 5*z. List the prime factors of b.
2, 5, 13, 199
Let r(h) = h**3 + 17*h**2 - 34*h - 27. Suppose 25 = -5*v, 0 = -13*i + 18*i + 2*v + 75. List the prime factors of r(i).
1091
What are the prime factors of (8 - 1*(-1560 - -5))/1?
3, 521
Let n(b) be the third derivative of 3*b**5/10 - 11*b**4/6 + b**3 + 185*b**2. What are the prime factors of n(-6)?
2, 3, 17
Suppose 0 = -97*i + 91*i + 312098 - 81938. What are the prime factors of i?
2, 5, 7, 137
Let w = -10958 - -25104. What are the prime factors of w?
2, 11, 643
Let b = 39974 + -29704. What are the prime factors of b?
2, 5, 13, 79
Let t = -138719 + 209110. What are the prime factors of t?
43, 1637
Suppose -u + 12 - 4 = 2*d, 0 = -3*u - d + 9. Let v(l) = -227 - 3*l**3 - 26*l**2 + 239 + u*l**3 - 10*l. What are the prime factors of v(-26)?
2, 17
Suppose 14 + 26 = 5*w. Suppose 0 = 4*r + 4*y + 16, 2*r + 1 - w = y. Let o(x) = 91*x - 1. What are the prime factors of o(r)?
2, 3, 5
Let p be 3*((-39)/9 + 3). Let m(i) be the second derivative of -3*i**5/20 + i**4/4 - 5*i**2 - 314*i. What are the prime factors of m(p)?
2, 5, 23
Let i(r) be the third derivative of -11*r**5/120 + 11*r**4/24 - 2*r**3 + 12*r**2. Let m(k) be the first derivative of i(k). List the prime factors of m(-7).
2, 11
Let b(u) = 2*u - 22. Let q be b(11). Suppose -a + 4 = q, -3*s - 3*a + 6*a = -330. List the prime factors of s.
2, 3, 19
Suppose -a + 0*k + 2 = -k, 0 = -4*k - 8. Suppose 0*f + f + 4 = a. Let z = f - -47. List the prime factors of z.
43
Let j be -5*(-6)/90 - 60/(-9). Suppose -j*c = -0*c - 5096. List the prime factors of c.
2, 7, 13
Suppose -1 = -g, 5*z - g = 1168 + 7866. Let t = -1070 + z. What are the prime factors of t?
11, 67
Let d(u) = u**3 + 7*u**2 - 15*u + 12. Let c be d(-9). Let a be 4/(-12) - 125/c. Suppose 341 = a*y + 3*y. List the prime factors of y.
31
Suppose 21*h - 23*h = -w - 4277, h - 5*w - 2107 = 0. List the prime factors of h.
2, 3, 7, 17
Let h be (-7)/5*(-8 - (-9)/3). Suppose -h = -9*w + 2*w. List the prime factors of 69 + w - (6 + -2).
2, 3, 11
Let u(d) = 4*d + 90. Let p be u(-22). Suppose -406 = -p*r + 2*j, -2*r + 2*j = 2*r - 820. What are the prime factors of r?
3, 23
Suppose -4*u = 5*k - 15048, 2*u - 4889 = 4*k + 2635. List the prime factors of u.
2, 3, 11, 19
Let t = 96 + -92. Let w(k) = 7*k**3 + 4*k**2 + 3*k - 5. What are the prime factors of w(t)?
3, 173
Let c = -53586 + 90494. What are the prime factors of c?
2, 9227
Let m(a) be the third derivative of -5/12*a**4 - 5/2*a**3 + 0*a + 0 + 1/120*a**6 - 7*a**2 + 7/60*a**5. Wh